at is the remainder when 380894 is divided by 14?
10
What is the remainder when 12923 is divided by 12912?
11
Calculate the remainder when 644 is divided by 99.
50
Calculate the remainder when 1071046 is divided by 19.
16
What is the remainder when 5185 is divided by 347?
327
Calculate the remainder when 3503 is divided by 3196.
307
Calculate the remainder when 888 is divided by 536.
352
What is the remainder when 1062293 is divided by 34?
31
Calculate the remainder when 18770 is divided by 2.
0
What is the remainder when 3071 is divided by 513?
506
What is the remainder when 44622 is divided by 11139?
66
What is the remainder when 1067 is divided by 514?
39
Calculate the remainder when 410073 is divided by 22781.
15
Calculate the remainder when 6223 is divided by 1141.
518
Calculate the remainder when 9689 is divided by 43.
14
Calculate the remainder when 14266 is divided by 13.
5
What is the remainder when 787 is divided by 203?
178
What is the remainder when 1623 is divided by 1274?
349
Calculate the remainder when 7749 is divided by 588.
105
What is the remainder when 20753 is divided by 2531?
505
Calculate the remainder when 28953 is divided by 28.
1
What is the remainder when 108376 is divided by 3496?
0
Calculate the remainder when 1628 is divided by 781.
66
Calculate the remainder when 136478 is divided by 21.
20
What is the remainder when 42447 is divided by 332?
283
What is the remainder when 4988 is divided by 2491?
6
Calculate the remainder when 13280 is divided by 129.
122
Calculate the remainder when 831891 is divided by 29.
26
What is the remainder when 13544 is divided by 1354?
4
What is the remainder when 10204 is divided by 276?
268
Calculate the remainder when 431550 is divided by 43155.
0
What is the remainder when 520 is divided by 25?
20
Calculate the remainder when 13434 is divided by 958.
22
Calculate the remainder when 29709 is divided by 646.
639
What is the remainder when 8078 is divided by 4?
2
What is the remainder when 12718 is divided by 6329?
60
Calculate the remainder when 13946 is divided by 13934.
12
Calculate the remainder when 78054 is divided by 44.
42
Calculate the remainder when 86850 is divided by 86.
76
What is the remainder when 379786 is divided by 189889?
8
What is the remainder when 8131 is divided by 4?
3
Calculate the remainder when 16472 is divided by 189.
29
What is the remainder when 10200 is divided by 930?
900
Calculate the remainder when 515473 is divided by 52.
49
Calculate the remainder when 2094629 is divided by 121.
119
What is the remainder when 50560 is divided by 59?
56
What is the remainder when 7618 is divided by 1204?
394
What is the remainder when 2270 is divided by 150?
20
Calculate the remainder when 101421 is divided by 459.
441
What is the remainder when 2305 is divided by 133?
44
What is the remainder when 355887 is divided by 14235?
12
Calculate the remainder when 63911 is divided by 726.
23
What is the remainder when 5850 is divided by 971?
24
What is the remainder when 103517 is divided by 7393?
15
What is the remainder when 128508 is divided by 42831?
15
Calculate the remainder when 2771 is divided by 12.
11
Calculate the remainder when 38585 is divided by 350.
85
Calculate the remainder when 3436 is divided by 497.
454
What is the remainder when 199120 is divided by 33?
31
Calculate the remainder when 3434 is divided by 3433.
1
Calculate the remainder when 2736 is divided by 636.
192
What is the remainder when 126107 is divided by 81?
71
Calculate the remainder when 4585 is divided by 160.
105
Calculate the remainder when 143423 is divided by 162.
53
What is the remainder when 127870 is divided by 1853?
13
Calculate the remainder when 10448 is divided by 2086.
18
What is the remainder when 16842 is divided by 56?
42
What is the remainder when 59687 is divided by 235?
232
What is the remainder when 1237247 is divided by 432?
431
Calculate the remainder when 2821 is divided by 220.
181
Calculate the remainder when 125744 is divided by 49.
10
What is the remainder when 65720 is divided by 10952?
8
What is the remainder when 3751 is divided by 294?
223
What is the remainder when 9729 is divided by 389?
4
Calculate the remainder when 7641 is divided by 242.
139
What is the remainder when 20591 is divided by 196?
11
Calculate the remainder when 45033 is divided by 417.
414
Calculate the remainder when 288237 is divided by 20.
17
Calculate the remainder when 158236 is divided by 149.
147
What is the remainder when 101876 is divided by 133?
131
What is the remainder when 55331 is divided by 51?
47
What is the remainder when 10819 is divided by 546?
445
Calculate the remainder when 6379 is divided by 3143.
93
Calculate the remainder when 29034 is divided by 518.
26
Calculate the remainder when 603622 is divided by 439.
436
Calculate the remainder when 29341 is divided by 297.
235
Calculate the remainder when 701260 is divided by 183.
4
What is the remainder when 28423 is divided by 12?
7
Calculate the remainder when 51049 is divided by 50.
49
Calculate the remainder when 10858 is divided by 51.
46
What is the remainder when 94930 is divided by 879?
877
What is the remainder when 1034 is divided by 618?
416
Calculate the remainder when 9889 is divided by 3266.
91
What is the remainder when 55229 is divided by 27590?
49
What is the remainder when 1170 is divided by 19?
11
What is the remainder when 26289 is divided by 100?
89
Calculate the remainder when 3703 is divided by 172.
91
Calculate the remainder when 205522 is divided by 644.
86
What is the remainder when 9388 is divided by 301?
57
What is the remainder when 52962 is divided by 173?
24
Calculate the remainder when 89261 is divided by 114.
113
Calculate the remainder when 1931176 is divided by 321862.
4
Calculate the remainder when 41202 is divided by 203.
196
Calculate the remainder when 7931 is divided by 42.
35
Calculate the remainder when 704604 is divided by 100655.
19
What is the remainder when 35458 is divided by 119?
115
Calculate the remainder when 162126 is divided by 18014.
0
Calculate the remainder when 20344 is divided by 106.
98
What is the remainder when 656582 is divided by 1134?
1130
Calculate the remainder when 696007 is divided by 24.
7
Calculate the remainder when 1931 is divided by 1863.
68
Calculate the remainder when 6038 is divided by 1906.
320
What is the remainder when 6390 is divided by 220?
10
What is the remainder when 1173997 is divided by 400?
397
What is the remainder when 2448 is divided by 59?
29
What is the remainder when 14405 is divided by 847?
6
Calculate the remainder when 2099 is divided by 530.
509
What is the remainder when 32953 is divided by 32949?
4
Calculate the remainder when 2057 is divided by 258.
251
Calculate the remainder when 1075 is divided by 253.
63
Calculate the remainder when 272644 is divided by 18.
16
Calculate the remainder when 19714 is divided by 19685.
29
What is the remainder when 771719 is divided by 19?
15
Calculate the remainder when 3072 is divided by 764.
16
What is the remainder when 59156 is divided by 1003?
982
Calculate the remainder when 23388 is divided by 68.
64
What is the remainder when 15342 is divided by 2552?
30
Calculate the remainder when 115023 is divided by 57492.
39
What is the remainder when 12326 is divided by 391?
205
What is the remainder when 491 is divided by 249?
242
What is the remainder when 311852 is divided by 432?
380
Calculate the remainder when 6282 is divided by 282.
78
What is the remainder when 27406 is divided by 849?
238
Calculate the remainder when 13357 is divided by 452.
249
What is the remainder when 352864 is divided by 21?
1
What is the remainder when 1386 is divided by 715?
671
What is the remainder when 41581 is divided by 716?
53
Calculate the remainder when 280863 is divided by 4458.
9
What is the remainder when 401 is divided by 18?
5
Calculate the remainder when 4059 is divided by 14.
13
What is the remainder when 7138 is divided by 163?
129
What is the remainder when 39148 is divided by 13045?
13
Calculate the remainder when 13186 is divided by 732.
10
Calculate the remainder when 253007 is divided by 42.
41
Calculate the remainder when 50676 is divided by 10130.
26
Calculate the remainder when 133268